e hundreds digit of 732491?
4
What is the units digit of 147303?
3
What is the hundreds digit of 867639?
6
What is the tens digit of 1313268?
6
What is the ten millions digit of 10479970?
1
What is the units digit of 5393495?
5
What is the ten thousands digit of 29490?
2
What is the hundreds digit of 312930?
9
What is the hundreds digit of 412467?
4
What is the millions digit of 2570758?
2
What is the units digit of 4027304?
4
What is the tens digit of 693299?
9
What is the tens digit of 22497857?
5
What is the millions digit of 9482739?
9
What is the thousands digit of 19593594?
3
What is the thousands digit of 6979730?
9
What is the tens digit of 1989069?
6
What is the millions digit of 11926852?
1
What is the tens digit of 1559023?
2
What is the units digit of 1104026?
6
What is the millions digit of 2157093?
2
What is the thousands digit of 2108553?
8
What is the ten thousands digit of 7019033?
1
What is the ten thousands digit of 262866?
6
What is the millions digit of 3465473?
3
What is the hundreds digit of 4616480?
4
What is the hundreds digit of 43629?
6
What is the millions digit of 29368432?
9
What is the thousands digit of 12219209?
9
What is the tens digit of 9754013?
1
What is the ten thousands digit of 9283624?
8
What is the hundreds digit of 33739821?
8
What is the thousands digit of 215431?
5
What is the ten thousands digit of 2635339?
3
What is the units digit of 4909979?
9
What is the units digit of 834781?
1
What is the ten thousands digit of 14892809?
9
What is the tens digit of 773571?
7
What is the tens digit of 483317?
1
What is the thousands digit of 20556?
0
What is the hundreds digit of 1093824?
8
What is the hundreds digit of 13120911?
9
What is the hundreds digit of 594778?
7
What is the thousands digit of 248611?
8
What is the hundreds digit of 14185541?
5
What is the millions digit of 1863687?
1
What is the hundreds digit of 41166398?
3
What is the thousands digit of 47489?
7
What is the thousands digit of 6002696?
2
What is the ten thousands digit of 536829?
3
What is the hundreds digit of 3149881?
8
What is the units digit of 4174731?
1
What is the tens digit of 2128616?
1
What is the tens digit of 373881?
8
What is the hundred thousands digit of 1947518?
9
What is the hundred thousands digit of 1792106?
7
What is the units digit of 6148501?
1
What is the units digit of 2939563?
3
What is the hundreds digit of 1066591?
5
What is the hundreds digit of 2695200?
2
What is the millions digit of 7996478?
7
What is the units digit of 582454?
4
What is the thousands digit of 106808?
6
What is the tens digit of 4273?
7
What is the thousands digit of 215956?
5
What is the hundred thousands digit of 725881?
7
What is the hundred thousands digit of 524990?
5
What is the tens digit of 11681478?
7
What is the hundred thousands digit of 198423?
1
What is the hundred thousands digit of 222160?
2
What is the ten thousands digit of 116536?
1
What is the ten thousands digit of 356260?
5
What is the tens digit of 1136200?
0
What is the units digit of 254086?
6
What is the tens digit of 200361?
6
What is the ten thousands digit of 3645872?
4
What is the units digit of 218485?
5
What is the tens digit of 4936354?
5
What is the hundreds digit of 94061?
0
What is the millions digit of 5263199?
5
What is the hundreds digit of 894576?
5
What is the units digit of 366661?
1
What is the hundred thousands digit of 357341?
3
What is the tens digit of 473822?
2
What is the hundreds digit of 761490?
4
What is the ten thousands digit of 116693?
1
What is the hundred thousands digit of 6992013?
9
What is the ten thousands digit of 6582939?
8
What is the hundred thousands digit of 1251461?
2
What is the thousands digit of 1303005?
3
What is the units digit of 3534197?
7
What is the thousands digit of 760700?
0
What is the millions digit of 10644528?
0
What is the tens digit of 2159075?
7
What is the hundreds digit of 6656851?
8
What is the tens digit of 97608?
0
What is the hundreds digit of 4544854?
8
What is the hundreds digit of 2708656?
6
What is the thousands digit of 1790031?
0
What is the hundred thousands digit of 30851920?
8
What is the ten millions digit of 11515616?
1
What is the ten thousands digit of 59817?
5
What is the units digit of 2240200?
0
What is the millions digit of 24607437?
4
What is the hundreds digit of 339435?
4
What is the millions digit of 1549949?
1
What is the thousands digit of 553188?
3
What is the hundreds digit of 237831?
8
What is the ten thousands digit of 376599?
7
What is the units digit of 302140?
0
What is the hundreds digit of 255472?
4
What is the tens digit of 38268?
6
What is the thousands digit of 2088783?
8
What is the tens digit of 4418434?
3
What is the tens digit of 327700?
0
What is the hundred thousands digit of 5754068?
7
What is the tens digit of 1243651?
5
What is the hundreds digit of 52365?
3
What is the thousands digit of 366442?
6
What is the tens digit of 853529?
2
What is the tens digit of 7219644?
4
What is the hundreds digit of 125679?
6
What is the units digit of 177591?
1
What is the hundreds digit of 268032?
0
What is the hundreds digit of 1347012?
0
What is the millions digit of 1186973?
1
What is the tens digit of 274998?
9
What is the hundred thousands digit of 14839111?
8
What is the hundred thousands digit of 247787?
2
What is the millions digit of 1139594?
1
What is the units digit of 27475?
5
What is the thousands digit of 88233?
8
What is the hundreds digit of 307599?
5
What is the tens digit of 1446442?
4
What is the ten thousands digit of 871001?
7
What is the units digit of 896220?
0
What is the ten thousands digit of 9888038?
8
What is the thousands digit of 345202?
5
What is the ten thousands digit of 582773?
8
What is the units digit of 818585?
5
What is the tens digit of 1260702?
0
What is the thousands digit of 1486754?
6
What is the millions digit of 36648808?
6
What is the hundred thousands digit of 310010?
3
What is the ten thousands digit of 219295?
1
What is the tens digit of 1497072?
7
What is the ten thousands digit of 244557?
4
What is the ten thousands digit of 251307?
5
What is the units digit of 492090?
0
What is the hundred thousands digit of 10711865?
7
What is the tens digit of 584361?
6
What is the thousands digit of 1200600?
0
What is the ten thousands digit of 569948?
6
What is the thousands digit of 86440?
6
What is the hundreds digit of 6917694?
6
What is the ten thousands digit of 6268936?
6
What is the thousands digit of 19571069?
1
What is the thousands digit of 6314611?
4
What is the millions digit of 13375251?
3
What is the ten millions digit of 13289885?
1
What is the tens digit of 2059338?
3
What is the hundreds digit of 169673?
6
What is the hundred thousands digit of 654657?
6
What is the hundreds digit of 3942775?
7
What is the millions digit of 1548123?
1
What is the units digit of 162528?
8
What is the tens digit of 12545095?
9
What is the ten millions digit of 12186553?
1
What is the hundreds digit of 529038?
0
What is the thousands digit of 28531612?
1
What is the thousands digit of 8413449?
3
What is the thousands digit of 216818?
6
What is the units digit of 8495?
5
What is the thousands digit of 455226?
5
What is the ten thousands digit of 48011?
4
What is the hundreds digit of 377561?
5
What is the tens digit of 9254329?
2
What is the hundreds digit of 337080?
0
What is the thousands digit of 2558939?
8
What is the hundred thousands digit of 559589?
5
What is the hundreds digit of 23449376?
3
What is the units digit of 13166?
6
What is the hundreds digit of 15665?
6
What is the units digit of 942630?
0
What is the thousands digit of 3276587?
6
What is the units digit of 409552?
2
What is the ten thousands digit of 3272410?
7
What is the hundreds digit of 104146?
1
What is the thousands digit of 15045361?
5
What is the hundred thousands digit of 107415?
1
What is the millions digit of 1059378?
1
What is the tens digit of 1459918?
1
What is the units digit of 532155?
5
What is the tens digit of 10515172?
7
What is the thousands digit of 783224?
3
What is the units digit of 667752?
2
What is the thousands digit of 38702?
8
What is the units digit of 6540860?
0
What is the units digit of 66026?
6
What is the ten thousands dig